 a.
8
Suppose -3*j + 22 = 2*w - 0*w, 0 = -4*j + 3*w + 18. What is the highest common factor of 9 and j?
3
Let s(b) = b + 6. Let f(w) = -3*w - 4. Let g be f(-3). Let x be s(g). Calculate the greatest common divisor of 66 and x.
11
Suppose 15*u - 17*u + 416 = 0. What is the highest common divisor of u and 16?
16
Let b = 22 - 10. Suppose -2*w - 2*w = b. Let q(u) = -u**3 + 2*u**2 + 3*u - 2. Let a be q(w). What is the highest common factor of 17 and a?
17
Let s = 4 + 16. Let d(u) = -u**2 + 5*u + 4. Let x be d(5). What is the greatest common factor of x and s?
4
Let m = 1 - -4. Suppose 2*f - 29 = m. Let x = 107 - f. What is the highest common divisor of x and 10?
10
Let w(y) = -y - 3*y + 2 + 2*y. Let a be w(-2). Calculate the greatest common factor of a and 66.
6
Suppose 0 = 4*r - r - 9. Suppose 5*o - 27 = -r*v + 48, 3*v - 48 = 4*o. What is the greatest common divisor of 10 and v?
10
Suppose 0 = -5*a - 2*d - 2*d + 2, 2*a = -4*d - 4. Let g(v) = v**2 + 0*v + 3*v - a*v. Let n be g(-6). Calculate the highest common divisor of n and 12.
6
Let j(s) = s**3 - s**2 + 2*s - 1. Let n be 108/30 - (-6)/15. Let h be j(n). Calculate the greatest common divisor of h and 11.
11
Suppose 21 = 3*c + 3*n, 4*n + 9 = 2*c + 5*n. Let b be (2/c)/((-5)/(-45)). Let t be (-5)/((-5)/81) + 0. Calculate the greatest common factor of t and b.
9
Suppose -m + 4*m = 327. Let t = -74 + m. What is the greatest common divisor of 14 and t?
7
Let l be (3/6)/(3/108). Let j be -2*(-10)/2 - -2. What is the greatest common factor of j and l?
6
Let g be (-1526)/(-77) + 2/11. What is the greatest common factor of g and 160?
20
Suppose 20 = 4*m - 0*m. Suppose 4*h + m = 41. Calculate the greatest common factor of h and 3.
3
Let a be 1/1 + -2 + 57. Suppose i - 2*i + a = 0. What is the greatest common factor of 7 and i?
7
Suppose 11*q - 1 = 142. What is the greatest common factor of 26 and q?
13
Let y = -40 + 172. What is the greatest common factor of 33 and y?
33
Let s = 12 + 9. Calculate the highest common factor of 168 and s.
21
Suppose u - 976 = -3*u. Suppose -3*c + u = 2*c + 4*w, 2*w + 8 = 0. Calculate the highest common factor of 13 and c.
13
Let k = -432 - -440. Let b = -30 - -94. What is the greatest common factor of k and b?
8
Suppose -11*o + 15*o - 336 = 0. Let f be 3 - (2 - 0)/2. Suppose -3*w = -4*u + f*w + 48, -5*w = 0. What is the greatest common factor of o and u?
12
Let w(m) = m**3 - 19*m**2 - 21*m + 38. Let h be w(20). Let g(o) = 20*o + 6. Let z be g(6). What is the greatest common factor of h and z?
18
Let u = 128 + -68. Let s(i) = i**3 + 6*i**2 - 2*i. Let t be s(-6). Calculate the greatest common factor of u and t.
12
Suppose -4*t = -0*t - 5*m - 35, 5*m - 35 = -3*t. Calculate the greatest common divisor of 70 and t.
10
Suppose -1 = 6*p - 19. Suppose 0 = -m - p*a + 5*a + 11, 4 = -4*a. What is the greatest common divisor of 3 and m?
3
Suppose -25 = 4*p - 73. Calculate the greatest common divisor of p and 3.
3
Let k(i) = 2*i**2 - 11*i + 9. Let p be k(7). Suppose 4*l + 6 = p. What is the greatest common factor of l and 66?
6
Let q = 79 + -48. Calculate the highest common factor of 93 and q.
31
Suppose 3*m - 440 = -2*m. Calculate the highest common divisor of 11 and m.
11
Let z(t) = t**2 + 3*t - 1. Let f be z(-4). Calculate the highest common factor of 27 and f.
3
Suppose -7*n - 20 = -12*n. Suppose 0 = -4*b - 2*q + 78, q + 3*q + 60 = n*b. Calculate the highest common factor of 180 and b.
18
Let q(t) be the second derivative of 9*t**5/10 + t**4/12 - t**3/6 + 2*t. Let o be q(1). Calculate the highest common divisor of 90 and o.
18
Let k = 2 - -4. What is the highest common divisor of k and 6?
6
Let f be (-31 + -2)/(-3) + -2. Suppose 270 = 5*l + l. What is the greatest common divisor of f and l?
9
Let h(f) = -9*f - 2. Let g be h(-1). What is the highest common factor of g and 77?
7
Let d(t) = t**3 - 20*t**2 - 20*t - 20. Let c be d(21). Calculate the highest common divisor of c and 8.
1
Let t be (-3)/2*534/(-9). Let m = 129 - t. What is the greatest common divisor of 8 and m?
8
Let d be 12*(-2)/(-4)*2. Suppose 3*y - s = -2*s + 287, 3*y + 5*s = 283. What is the greatest common factor of y and d?
12
Let g(c) = -c - 3. Suppose -5*d - 37 = -2. Let y be g(d). Let v be (5 + 1)/(-2 + y). Calculate the highest common divisor of 1 and v.
1
Let r(w) = w**2 - 2*w + 1. Let n be r(16). Calculate the highest common factor of 25 and n.
25
Suppose -16 = -4*f - 4, -5*p = 4*f - 377. Suppose 47 = 5*s - p. Let x = 175 - -41. What is the highest common factor of x and s?
24
Suppose -2*s + 0*o = o - 76, 0 = -2*s + 5*o + 100. Let d be (-2 + -6)/(1/(-2)). Calculate the highest common factor of s and d.
8
Suppose k - 71 = 97. Calculate the greatest common factor of k and 24.
24
Let j = -13 - -14. Let k = 19 + -11. Calculate the highest common divisor of j and k.
1
Let a(n) = -n**3 - 6*n**2 + 7*n + 4. Let j be a(-7). Suppose -3*g = -4*q + 73, -j*q + 3*g + 92 = q. What is the highest common divisor of q and 209?
19
Let n = 20 + -15. What is the highest common factor of 1 and n?
1
Let h(z) = 20*z. Let v be h(1). Let r = 217 - 37. Calculate the greatest common divisor of r and v.
20
Let a be -2 - -2*(34/4 + -3). What is the highest common divisor of 36 and a?
9
Suppose 4*g = -t + 428, 2*g - 5*t - 344 = -g. Let p = g - 68. What is the highest common factor of 10 and p?
10
Let w be (-6 - -1)*(117/(-5) - -1). What is the greatest common factor of w and 14?
14
Let b(u) = 8*u + 5*u - 6*u - 12 + 2*u**2 + 2*u**2. Let t be b(-7). What is the greatest common factor of 15 and t?
15
Let z = -112 + 163. Let n be 6/(-4)*(-374)/z. Calculate the greatest common factor of 1 and n.
1
Let o(k) = k. Let h be o(-5). Let w(r) = -r + 2. Let y be w(h). What is the greatest common divisor of y and 49?
7
Let d be (-1 + 4)/((-1)/(-1 - 0)). Calculate the greatest common factor of 3 and d.
3
Suppose -g + 28 = g. Suppose -3*a = -2*a - g. Let l = 24 - a. Calculate the greatest common divisor of 110 and l.
10
Let o be 8/(-44) - 180/(-22). Let m be (-4)/o - 158/(-4). What is the highest common factor of m and 26?
13
Let x be (-5 - 0)*(-4 - 0). Suppose -k + 2*h = -2, 0 = h - 0*h - 1. Calculate the greatest common factor of k and x.
4
Suppose 0*d = 7*d - 147. Calculate the greatest common divisor of d and 7.
7
Suppose 0*b - 16 = -a - 3*b, -72 = -2*a + 4*b. Let x(j) = 4*j - 3. Let c be x(2). Suppose -c*i + 8 = -12. What is the highest common divisor of i and a?
4
Suppose 66*k - 280 = 59*k. What is the highest common divisor of k and 160?
40
Suppose 5*h = h + 64. Calculate the highest common divisor of h and 24.
8
Suppose 3*h + 4*p = 61 - 26, 3*h + 2*p - 43 = 0. Calculate the highest common divisor of h and 85.
17
Suppose -3*x + 0*x - 13 = -4*t, -3*t = 2*x - 31. Let z(d) = 9 + 4 - d**3 + 6*d - 3 + 6*d**2. Let c be z(t). What is the highest common factor of 1 and c?
1
Let s be 1*3 + (-5 - -28). Let f(v) = -v**3 + 8*v**2 - 6*v - 6. Suppose a = 4 + 1. Let z be f(a). Calculate the greatest common divisor of z and s.
13
Suppose 3*n - 4*n + 21 = 0. What is the greatest common divisor of 14 and n?
7
Let x(c) = c**2 + 58. Let u be x(0). Let j = u - 27. What is the highest common divisor of j and 279?
31
Let k(n) = 3*n + 1. Let y be k(1). Let s be 30/4 + (-2)/y. What is the highest common divisor of 63 and s?
7
Suppose 0 = 4*b + 585 - 1949. Suppose 5*z + 3*m - b = 0, 6*z - 277 = 2*z - m. Suppose 4*s - 30 - 26 = 0. What is the greatest common factor of s and z?
14
Suppose 5*k - 3 = -m, -2*m + 4 = 4*k - 2. Suppose -3*n = 3*t - 48, 2*t - 44 = -m*n + t. Let z = 33 - n. What is the greatest common factor of 95 and z?
19
Suppose 2*k - 75 = -t + 4*k, 5*k = -3*t + 258. What is the greatest common divisor of t and 27?
27
Suppose 2*c - 32 = c. Calculate the greatest common divisor of 4 and c.
4
Let x be (0 - 4)/((-2)/3). Calculate the greatest common factor of x and 6.
6
Let r(x) = 3*x + 6. Let b be r(5). Let y(u) = -u**3 + u**2 - u - 238. Let z be y(0). Let q = -133 - z. Calculate the highest common divisor of b and q.
21
Let i(z) be the first derivative of -z**3/3 - 11*z**2/2 - 3*z - 7. Let d be i(-7). Let n be 15*-10*(-11)/6. Calculate the highest common divisor of d and n.
25
Let t be 0 + 1 + (-1649)/(-1). Let v be t/78 + (-2)/13. What is the highest common factor